he greatest common factor of a and 24.
12
Let j(k) = -k**3 - 16*k**2 - 14*k + 17. Let p be j(-15). Suppose p*w = 89 - 29. What is the greatest common divisor of 20 and w?
10
Suppose 4*t - 5*w - 12 = 0, 4*w - w - 44 = -4*t. Suppose 3*o + 105 = t*o. Calculate the greatest common factor of o and 7.
7
Suppose 0 = -5*o + 181 + 379. Let l be (650/8)/5 + 5/(-20). What is the highest common factor of l and o?
16
Let s be (16/3)/((-8)/(-24)). What is the highest common divisor of 48 and s?
16
Let h(d) = -d**2 + 34*d + 17. Let u be h(25). What is the greatest common factor of 22 and u?
22
Suppose 147 - 5 = -2*y. Let u = y - -38. Let z be (-1)/2*6 - u. Calculate the greatest common divisor of z and 20.
10
Let o be 4 - (-4)/((-4)/(-191)). Let n be 1/6 + o/18. What is the greatest common factor of 88 and n?
11
Let g = -7 - -10. What is the greatest common factor of 24 and g?
3
Let g(i) = i + 27. Let h be g(-15). Calculate the highest common divisor of 6 and h.
6
Let p(u) = -u**3 + 7*u**2 - 5*u - 2. Let w be p(6). Let c be w/18 + 1382/18. What is the greatest common divisor of 7 and c?
7
Suppose 0 = 3*j + 5*o - 6*o - 23, j = 4*o + 26. What is the highest common factor of 18 and j?
6
Suppose 4*d - 2*d = h - 32, 4*d - 64 = -2*h. Suppose -2*x + 18 = 2. Calculate the highest common divisor of x and h.
8
Let h = -6 + 26. What is the highest common divisor of 40 and h?
20
Let m = 312 + -210. Calculate the greatest common factor of m and 255.
51
Suppose 4*t - 66 = -v, -5*v + 31 = 4*t - 27. Suppose 3 = 5*x - t. Let m = 29 + -17. Calculate the highest common factor of m and x.
4
Let h(k) = k**3 + 8*k**2 + 7*k + 1. Let q be h(-7). Suppose -j + 23 - q = 0. What is the highest common factor of 22 and j?
22
Let w = 66 - 12. Let r be w/4*8/(-6). Let q = 26 + r. Calculate the highest common divisor of 80 and q.
8
Suppose -3*i + 4*j - 25 = -6*i, 9 = 2*i - 5*j. Suppose -2*w = -d + i, d - 2*w = -3*d + 34. Calculate the highest common divisor of 3 and d.
3
Let f(m) = -m**2 + 5*m + 5. Let j be f(4). Let x = 14 + 58. Calculate the greatest common divisor of j and x.
9
Suppose 4*j + 1 - 57 = 0. Let g be ((-273)/j)/(2/(-12)). Suppose 0*n = -4*z - n + 47, -5*z + 2*n + 75 = 0. What is the greatest common factor of z and g?
13
Suppose 20*b - b - 627 = 0. Calculate the highest common factor of b and 11.
11
Let f = 33 - 23. Suppose 3*h + 4*g + 204 = 7*h, 5*h = g + 251. What is the greatest common divisor of f and h?
10
Let n = -34 + 74. Calculate the highest common factor of 80 and n.
40
Let j(s) = -2*s**3 - 2*s + 3. Let a be j(-3). Let m = -11 + a. Calculate the highest common divisor of 13 and m.
13
Suppose 0 = 7*i - 4*i + 9. Let y = 1 - i. Suppose 140 = y*d - 3*f, -4*d - 2*f = -f - 140. What is the greatest common factor of d and 14?
7
Suppose -6*s = -s - 5. Let f be (-1*s)/((-1)/3). Suppose 30 = 3*i + f*d, -4*i + d + 2*d + 61 = 0. What is the greatest common divisor of i and 143?
13
Let f = -10 - -21. Calculate the highest common divisor of 110 and f.
11
Let s = 453 - 448. Let q be (-162)/(-8) + (-1)/4. What is the highest common factor of s and q?
5
Let j(l) = -l**3 - 7*l**2 + 7*l + 6. Let t be j(-8). Calculate the highest common factor of t and 70.
14
Suppose -31 - 25 = -2*y. What is the greatest common divisor of 7 and y?
7
Suppose 0*m = -3*m + 3. Suppose 3*g - 62 = m. Calculate the highest common divisor of g and 7.
7
Let u = 8 + 12. Let l be 39/(3*(-1)/(-3)). Let n = -9 + l. What is the greatest common divisor of u and n?
10
Suppose 13*t - 6*t = 448. What is the highest common factor of t and 8?
8
Let o be ((-8)/(-10))/((-40)/(-500)). What is the highest common divisor of o and 5?
5
Suppose -2*p + 70 = 22. What is the greatest common divisor of p and 8?
8
Suppose 8 = i - 1. Let k(d) = 5*d - 1. Let p be k(i). What is the greatest common factor of p and 22?
22
Let x(h) = 11*h + 9 + 0 - 11 - 9. Let r be x(8). Calculate the highest common divisor of 7 and r.
7
Let o(h) = -5*h + 2. Let f be o(-3). What is the highest common factor of f and 51?
17
Let t(f) = 10*f + 12. Let j = 0 - -2. Suppose -3*y = -38 + j. Let h be t(y). What is the highest common factor of h and 12?
12
Suppose 2*h + 55 = 83. What is the greatest common factor of 378 and h?
14
Suppose -4*g + 8*b + 32 = 3*b, 3*b = -5*g + 3. Let d(j) = j + 10. Let v be d(-5). Suppose -a + v = -19. Calculate the greatest common factor of a and g.
3
Let j = 0 + 2. Let z be j/(-7) + (-394)/(-7). Calculate the highest common divisor of 14 and z.
14
Suppose -3*t = -5*q - 0*t + 36, -4*q + 2*t = -28. Suppose -3*s = -27 + q. Calculate the highest common factor of 35 and s.
7
Suppose -3*p - 5*g + 200 = 2*p, 3*p - 116 = -2*g. Suppose -5*a - 11 + p = 0. Calculate the greatest common divisor of a and 45.
5
Let x(k) = k**2 + k + 1. Let l be x(-4). What is the highest common factor of 143 and l?
13
Let t(a) = 8*a**2 + 2*a. Let v be t(-2). Suppose 0 = 3*d + 3*y - 129, 41 = 5*d + 4*y - 173. What is the highest common divisor of d and v?
14
Suppose 0 = 5*a - 68 - 37. Calculate the highest common factor of a and 21.
21
Suppose -5*x - 4*b + 33 = 0, -x = b - 5 - 1. Suppose 0*v = 5*v - 225. Calculate the greatest common divisor of v and x.
9
Let v be ((-24)/15)/(2/(-10)). Suppose v*b = 12*b - 44. Calculate the greatest common factor of 121 and b.
11
Let l = 63 - 39. Calculate the greatest common factor of 12 and l.
12
Let s = 116 - 80. Calculate the greatest common divisor of 24 and s.
12
Let d(i) = -2*i + 2. Let h be d(3). Let l = h - -46. Suppose -4*x - 16 + 72 = 0. What is the greatest common divisor of x and l?
14
Let h(j) = -j**2 + j + 13. Let k be h(0). What is the greatest common factor of k and 52?
13
Suppose 7 + 35 = 6*y. Calculate the highest common divisor of y and 49.
7
Let o(q) = -6*q + 2. Let k be o(-5). Let h be (4/6)/((-1)/(-15)). Suppose -k = -v - h. What is the greatest common factor of v and 11?
11
Let u(f) = 6*f**3 + 2*f**2 + 2*f + 1. Let v be u(-1). Let l be (-76)/v - (-3)/(-15). Suppose o = 2*o - l. What is the greatest common factor of 105 and o?
15
Let k(q) = -q**3 - 4*q**2 + 4*q + 6. Let n be k(-6). What is the greatest common divisor of n and 36?
18
Let w = -15 - -25. Let k(j) = j**3 + 7*j**2 + 5*j + 1. Let h be k(-6). Let t(l) = 2*l**2 - 4*l. Let b be t(h). What is the greatest common factor of b and w?
10
Let w(n) = n**2 - 2*n - 7. Let d be w(-3). What is the highest common factor of d and 40?
8
Suppose 4*i - 13 = -i + p, p + 3 = 0. Suppose x + x - 4 = 0. Suppose -f = 3*t - 20, -2*t - x*t = 2*f - 30. What is the highest common factor of i and f?
1
Let w = 126 + -72. Suppose 4*u - 33 = -y, 2*y - w = -y + 3*u. Let q = y + -10. What is the greatest common divisor of 121 and q?
11
Let h(p) = -16*p**3 + p**2 + 2*p + 1. Let m be h(-1). Suppose 0*s + 2*o = 3*s - 146, 5*s - 4*o - 244 = 0. What is the highest common divisor of m and s?
16
Suppose 4*t + 3*v - v = 0, 4*t = v. Suppose -3*w + 7*w - 16 = t. What is the highest common factor of w and 2?
2
Let u(r) = -2*r**3 - 2*r**2 + 8*r + 6. Let p be u(-4). Calculate the highest common factor of p and 28.
14
Suppose i + 4*i + 3*p - 369 = 0, -3*p + 294 = 4*i. Suppose 13*h - i = 8*h. Calculate the highest common divisor of 15 and h.
15
Let s(o) = -o**3 + o**2 - o - 1. Let b(p) = 5*p**3 - 11*p**2 + 10*p. Let j(r) = b(r) + 6*s(r). Let h be j(-6). What is the highest common divisor of 3 and h?
3
Let t = -40 - -66. Suppose 0 = 5*g - t - 19. Calculate the greatest common factor of g and 9.
9
Suppose 0 = -15*y + 20*y - 90. What is the highest common factor of 27 and y?
9
Suppose 6*z = -13 + 163. Calculate the highest common divisor of z and 75.
25
Let i(h) = h + 8. Let c be i(-4). Let k be (-1 - (-2)/4)*10. Let r be (6/k)/(4/(-40)). Calculate the greatest common factor of c and r.
4
Suppose -3*b - 2*b - 2*t = -44, b = -5*t - 5. Suppose 0*k + 2*k - b = 2*j, -2*k = 2*j - 22. What is the greatest common divisor of 32 and k?
8
Let h = -10 + 73. Calculate the highest common divisor of 9 and h.
9
Let i = -36 + 61. Let g = -13 + i. Suppose 6*s - 2*j - 33 = s, -4*s - 2*j = -g. What is the highest common divisor of s and 5?
5
Let c be 4*-1*(-2 + -4). Let n be ((-4)/(-10))/((-2)/(-40)). Calculate the highest common factor of n and c.
8
Suppose -4*u - 74 = -m, 2*m = 5*m + 3*u - 237. What is the highes